omposite number?
True
Is 199151 prime?
True
Is 29477 a composite number?
True
Is 82247 a prime number?
False
Is 37957 a prime number?
True
Is 132281 composite?
True
Is 42033 composite?
True
Is 21415 composite?
True
Is 6941 a composite number?
True
Is 14515 prime?
False
Is 17891 prime?
True
Is 53311 a composite number?
True
Is 447943 composite?
False
Is 194141 a composite number?
False
Is 555649 composite?
True
Is 98179 a composite number?
False
Is 17377 a composite number?
False
Is 1973 a composite number?
False
Is 507641 composite?
False
Is 35251 a composite number?
False
Is 132137 a composite number?
False
Is 97511 prime?
True
Is 176629 a composite number?
False
Is 41351 prime?
True
Is 290317 a prime number?
True
Is 112777 a composite number?
True
Is 20671 prime?
False
Is 158329 prime?
True
Is 26843 composite?
True
Is 581183 prime?
True
Is 2611 composite?
True
Is 1678 a composite number?
True
Is 32921 a composite number?
True
Is 46489 composite?
False
Is 2721 prime?
False
Is 3453 a composite number?
True
Is 2333 a composite number?
False
Is 2038919 prime?
True
Is 3319 prime?
True
Is 906721 composite?
True
Is 288797 a prime number?
False
Is 6663 prime?
False
Is 878519 composite?
True
Is 8791 a composite number?
True
Is 4507 a composite number?
False
Is 8779 a composite number?
False
Is 31817 prime?
True
Is 14047 composite?
True
Is 30341 a composite number?
False
Is 31463 composite?
True
Is 3041 prime?
True
Is 2633 prime?
True
Is 25591 a composite number?
True
Is 54941 a composite number?
False
Is 236677 prime?
False
Is 1639 a composite number?
True
Is 148331 prime?
True
Is 37117 a composite number?
False
Is 883327 prime?
True
Is 1961 prime?
False
Is 233021 prime?
True
Is 592257 a prime number?
False
Is 52261 a composite number?
True
Is 467357 a prime number?
False
Is 241391 a composite number?
False
Is 19841 composite?
False
Is 3258993 prime?
False
Is 296691 a composite number?
True
Is 465791 a prime number?
False
Is 1231363 prime?
False
Is 11463 prime?
False
Is 128891 composite?
True
Is 387085 composite?
True
Is 5615 a composite number?
True
Is 11789 a composite number?
False
Is 8677 composite?
False
Is 100715 a prime number?
False
Is 1261913 prime?
True
Is 249911 a composite number?
False
Is 172849 a composite number?
False
Is 413521 a composite number?
False
Is 92581 a prime number?
True
Is 1139 a composite number?
True
Is 4547 a prime number?
True
Is 770017 prime?
False
Is 197803 a composite number?
False
Is 6773 composite?
True
Is 76117 composite?
True
Is 37211 a prime number?
False
Is 199349 composite?
True
Is 21363 composite?
True
Is 364103 a composite number?
False
Is 281243 composite?
False
Is 65761 a composite number?
False
Is 6521 a prime number?
True
Is 14923 a composite number?
False
Is 1187 a composite number?
False
Is 195659 a prime number?
True
Is 198173 a composite number?
False
Is 5761 composite?
True
Is 23929 composite?
False
Is 14077 a composite number?
True
Is 343763 a composite number?
True
Is 17777 a prime number?
False
Is 104009 a prime number?
True
Is 144341 prime?
True
Is 77827 a prime number?
False
Is 1046627 composite?
False
Is 367399 a composite number?
True
Is 101483 composite?
False
Is 183878 a composite number?
True
Is 60023 prime?
False
Is 15179 a prime number?
False
Is 36289 composite?
True
Is 134782 prime?
False
Is 72057 a prime number?
False
Is 5767139 a composite number?
True
Is 122191 a composite number?
True
Is 421307 a prime number?
False
Is 110729 a composite number?
False
Is 114581 a prime number?
False
Is 36833 a composite number?
False
Is 5383 composite?
True
Is 1243111 composite?
False
Is 83473 prime?
False
Is 4863 a composite number?
True
Is 378353 prime?
True
Is 7159327 composite?
True
Is 26453 composite?
True
Is 8185 a prime number?
False
Is 147449 composite?
False
Is 866737 a prime number?
True
Is 127331 a composite number?
False
Is 38603 prime?
True
Is 99017 prime?
True
Is 5682503 prime?
True
Is 256537 a prime number?
False
Is 52081 a prime number?
True
Is 19289 composite?
False
Is 51089 composite?
True
Is 1509 a prime number?
False
Is 38113 a prime number?
True
Is 1613017 prime?
False
Is 24031 composite?
True
Is 32113 a prime number?
False
Is 80849 a composite number?
False
Is 8641 a composite number?
False
Is 5042 a composite number?
True
Is 166259 a prime number?
True
Is 181057 a composite number?
True
Is 37747 a prime number?
True
Is 2406247 composite?
True
Is 285749 a composite number?
False
Is 36969 a composite number?
True
Is 47249 a composite number?
True
Is 8171 a composite number?
False
Is 66001 composite?
True
Is 38887 prime?
False
Is 335663 a prime number?
True
Is 36761 prime?
True
Is 88721 composite?
False
Is 21139 a prime number?
True
Is 60854 a composite number?
True
Is 194899 composite?
False
Is 48299 a composite number?
False
Is 13751 a composite number?
False
Is 4783 a composite number?
False
Is 461561 a prime number?
True
Is 353489 prime?
True
Is 1441 prime?
False
Is 211 a prime number?
True
Is 1543 a composite number?
False
Is 370459 a prime number?
False
Is 28429 a composite number?
False
Is 985909 a prime number?
False
Is 62803 a composite number?
True
Is 10111 a prime number?
True
Is 825397 prime?
True
Is 42247 a prime number?
False
Is 12401 prime?
True
Is 15253 composite?
True
Is 12319 prime?
False
Is 211859 prime?
True
Is 175621 prime?
True
Is 242747 composite?
False
Is 779927 a composite number?
False
Is 147419 composite?
False
Is 20317 prime?
False
Is 4045 a prime number?
False
Is 392759 a prime number?
True
Is 16799 a prime number?
False
Is 107959 prime?
False
Is 177739 prime?
True
Is 96109 composite?
True
Is 107698 composite?
True
Is 2657591 a composite number?
False
Is 1857 a composite number?
True
Is 176363 composite?
True
Is 21898 prime?
False
Is 505103 a composite number?
True
Is 82139 a prime number?
True
Is 7709 composite?
True
Is 47563 a composite number?
False
Is 514933 a prime number?
True
Is 3779 prime?
True
Is 19849849 a prime number?
True
Is 700057 composite?
False
Is 12607 composite?
True
Is 104987 prime?
True
Is 320506 a composite number?
True
Is 20095 composite?
True
Is 332781 a prime number?
False
Is 9407 a composite number?
True
Is 12739 a composite number?
False
Is 1048189 prime?
True
Is 260933 a composite number?
True
Is 70871 a composite number?
True
Is 1728229 prime?
True
Is 76147 composite?
False
Is 212945 a prime number?
False
Is 191621 prime?
True
Is 360741 composite?
True
Is 13389 composite?
True
Is 5147 prime?
True
Is 34753 prime?
False
Is 38963 a prime number?
False
Is 62189 prime?
True
Is 33757 prime?
True
Is 101305 prime?
False
Is 762334 prime?
False
Is 72187 a composite number?
True
Is 71623 a prime number?
False
Is 53213 a composite number?
True
Is 49597 composite?
False
Is 161911 prime?
True
Is 4486297 a composite number?
False
Is 3989 prime?
True
Is 56659 prime?
True
Is 3359 prime?
True
Is 4421 a prime number?
True
Is 93071 prime?
False
Is 5563 prime?
True
Is 19193 a composite number?
True
Is 4974395 composite?
True
Is 46399 composite?
False
Is 80423 composite?
True
Is 9521 a composite number?
False
Is 251323 prime?
True
Is 820706 prime?
False
Is 4621 composite?
False
Is 3961 composite?
True
Is 2426 a composite number?
True
Is 605347 composite?
False
Is 17887 composite?
True
Is 39911 composite?
True
Is 4303 a composite number?
True
Is 57473 prime?
False
Is 498209 prime?
True
Is 43474 composite?
True
Is 211 a composite number?
False
Is 2291417 prime?
True
Is 13799 a prime number?
True
Is 231881 prime?
False
Is 317 a composite number?
False
Is 72161 a prime number?
True
Is 518309 prime?
False
Is 26447 a composite number?
True
Is 169967 a prime number?
False
Is 497719 composite?
False
Is 1893 a composite number?
True
Is 40349 prime?
False
Is 3251 a prime number?
True
Is 37717 a composite number?
False
Is 2701 composite?
True
Is 4181 prime?
False
Is 84299 a prime number?
True
Is 265 a prime number?
False
Is 2729 composite?
False
Is 43039 a prime number?
False
Is 3016639 prime?
True
Is 41693 a prime number?
False
Is 281189 a composite number?
False
Is 4583 a prime number?
True
Is 5953 a prime number?
True
Is 108393 composite?
True
Is 2833 a prime number?
True
Is 1576997 a prime number?
True
Is 299129 composite?
True
Is 114685 a prim